alculate the remainder when 410735 is divided by 410726.
9
Calculate the remainder when 1183820 is divided by 622.
154
What is the remainder when 56788 is divided by 479?
266
Calculate the remainder when 3210831 is divided by 1814.
51
What is the remainder when 5845292 is divided by 56?
12
What is the remainder when 44493 is divided by 3406?
215
Calculate the remainder when 4638195 is divided by 1643.
6
What is the remainder when 2416435 is divided by 172576?
371
What is the remainder when 496159 is divided by 124037?
11
What is the remainder when 902786 is divided by 275?
236
Calculate the remainder when 210259 is divided by 481.
62
What is the remainder when 7343288 is divided by 25?
13
Calculate the remainder when 8503966 is divided by 176.
174
What is the remainder when 2297644 is divided by 4505?
94
What is the remainder when 1694675 is divided by 3?
2
Calculate the remainder when 244229 is divided by 10.
9
What is the remainder when 79278862 is divided by 6082?
6074
Calculate the remainder when 948950 is divided by 86239.
321
What is the remainder when 107097 is divided by 1001?
991
What is the remainder when 917171969 is divided by 1317?
1316
Calculate the remainder when 6834046 is divided by 60.
46
What is the remainder when 9268730 is divided by 996?
950
Calculate the remainder when 5409 is divided by 111.
81
What is the remainder when 3779713 is divided by 944928?
1
Calculate the remainder when 4585794 is divided by 50.
44
What is the remainder when 13800953 is divided by 64?
57
Calculate the remainder when 618578 is divided by 489.
482
Calculate the remainder when 600280 is divided by 80.
40
Calculate the remainder when 1649742 is divided by 26.
16
What is the remainder when 199497 is divided by 99741?
15
What is the remainder when 37547 is divided by 11555?
2882
Calculate the remainder when 54139838 is divided by 734.
732
What is the remainder when 27178563 is divided by 124?
119
What is the remainder when 219970 is divided by 72817?
1519
What is the remainder when 222526 is divided by 74175?
1
What is the remainder when 1671471 is divided by 2312?
2207
Calculate the remainder when 2696144 is divided by 17974.
44
Calculate the remainder when 227636 is divided by 5813.
929
Calculate the remainder when 482907 is divided by 166.
13
What is the remainder when 1219122 is divided by 651?
450
Calculate the remainder when 2596934 is divided by 340.
14
What is the remainder when 20171 is divided by 9017?
2137
What is the remainder when 18370125 is divided by 580?
365
Calculate the remainder when 602169 is divided by 216.
177
What is the remainder when 5637494 is divided by 122?
118
Calculate the remainder when 30224279 is divided by 1464.
1463
What is the remainder when 352309 is divided by 351667?
642
What is the remainder when 1641645 is divided by 18655?
5
Calculate the remainder when 12690654 is divided by 3081.
15
What is the remainder when 361116280 is divided by 22?
8
What is the remainder when 2658313 is divided by 1329145?
23
Calculate the remainder when 12337 is divided by 770.
17
Calculate the remainder when 459656 is divided by 16303.
3172
Calculate the remainder when 409831 is divided by 19514.
37
What is the remainder when 4725984 is divided by 945196?
4
What is the remainder when 2769359 is divided by 691949?
1563
Calculate the remainder when 4924833 is divided by 104783.
32
What is the remainder when 8653738 is divided by 90?
58
Calculate the remainder when 13550762 is divided by 39622.
38
What is the remainder when 34549279 is divided by 7414?
39
What is the remainder when 2199944 is divided by 14473?
48
What is the remainder when 2000569 is divided by 16?
9
Calculate the remainder when 1981835 is divided by 294.
275
What is the remainder when 23553322 is divided by 18?
16
What is the remainder when 141498 is divided by 2209?
122
Calculate the remainder when 683112 is divided by 131.
78
What is the remainder when 37584123 is divided by 2406?
2403
Calculate the remainder when 1531761 is divided by 61.
51
What is the remainder when 1198887 is divided by 7310?
47
Calculate the remainder when 18161283 is divided by 517.
107
Calculate the remainder when 622870 is divided by 8311.
7856
What is the remainder when 23171313 is divided by 753?
750
Calculate the remainder when 284143301 is divided by 571.
568
What is the remainder when 35942367 is divided by 1276?
1275
What is the remainder when 24096497 is divided by 480?
17
Calculate the remainder when 3323749 is divided by 962.
39
What is the remainder when 87377 is divided by 87356?
21
Calculate the remainder when 135754 is divided by 15053.
277
What is the remainder when 655741 is divided by 217353?
3682
What is the remainder when 2183588 is divided by 1218?
932
What is the remainder when 109080 is divided by 2269?
168
Calculate the remainder when 3744202 is divided by 1224.
1210
Calculate the remainder when 9948436 is divided by 30.
16
Calculate the remainder when 6109675 is divided by 68648.
3
Calculate the remainder when 2963789 is divided by 1092.
101
What is the remainder when 656398 is divided by 97?
96
What is the remainder when 162851554 is divided by 868?
866
What is the remainder when 28137 is divided by 184?
169
Calculate the remainder when 199115 is divided by 722.
565
What is the remainder when 695390 is divided by 950?
940
What is the remainder when 18726 is divided by 1482?
942
Calculate the remainder when 41558886 is divided by 38.
34
What is the remainder when 21229174 is divided by 71?
32
What is the remainder when 25033 is divided by 6039?
877
What is the remainder when 2423801 is divided by 3334?
3317
What is the remainder when 4699696 is divided by 73?
29
Calculate the remainder when 655738 is divided by 218579.
1
What is the remainder when 5190310 is divided by 648788?
6
Calculate the remainder when 28206552 is divided by 3525816.
24
What is the remainder when 33855 is divided by 3268?
1175
What is the remainder when 14933976 is divided by 909?
15
Calculate the remainder when 70274 is divided by 1227.
335
Calculate the remainder when 5238103 is divided by 634.
629
Calculate the remainder when 1067469 is divided by 1132.
1125
Calculate the remainder when 485067 is divided by 185.
182
What is the remainder when 2904 is divided by 785?
549
Calculate the remainder when 1456527 is divided by 85677.
18
What is the remainder when 135286708 is divided by 961?
11
What is the remainder when 65530 is divided by 5948?
102
Calculate the remainder when 905112 is divided by 3361.
1003
What is the remainder when 19207639 is divided by 4?
3
What is the remainder when 220658815 is divided by 93?
40
Calculate the remainder when 3522042 is divided by 704401.
37
Calculate the remainder when 14793698 is divided by 21.
17
What is the remainder when 51702136 is divided by 52?
44
Calculate the remainder when 2338164 is divided by 584515.
104
Calculate the remainder when 31943 is divided by 3824.
1351
What is the remainder when 10081496 is divided by 165?
161
What is the remainder when 14818204 is divided by 32?
28
Calculate the remainder when 323950 is divided by 35975.
175
What is the remainder when 39268065 is divided by 149?
9
What is the remainder when 27523461 is divided by 1011?
1008
Calculate the remainder when 88907759 is divided by 5822.
5819
Calculate the remainder when 478666642 is divided by 1953.
13
Calculate the remainder when 6590297 is divided by 11343.
14
Calculate the remainder when 501617 is divided by 109.
108
Calculate the remainder when 14462928 is divided by 131.
4
What is the remainder when 32451 is divided by 139?
64
What is the remainder when 217179 is divided by 1258?
803
What is the remainder when 556455 is divided by 61827?
12
What is the remainder when 162852 is divided by 5060?
932
What is the remainder when 25406 is divided by 3127?
390
Calculate the remainder when 27706 is divided by 5511.
151
What is the remainder when 590516 is divided by 26?
4
What is the remainder when 2339434 is divided by 5378?
4
What is the remainder when 110043838 is divided by 3991?
3986
What is the remainder when 12388411 is divided by 74?
71
Calculate the remainder when 29590414 is divided by 354.
262
What is the remainder when 4188305 is divided by 1391?
4
Calculate 